{"id":1709,"date":"2023-01-22T14:28:25","date_gmt":"2023-01-22T13:28:25","guid":{"rendered":"https:\/\/floriandaudedancestudio.com\/?page_id=1709"},"modified":"2025-08-26T11:12:24","modified_gmt":"2025-08-26T09:12:24","slug":"la-creation-du-studio","status":"publish","type":"page","link":"https:\/\/floriandaudedancestudio.com\/index.php\/la-creation-du-studio\/","title":{"rendered":"REMERCIEMENTS"},"content":{"rendered":"\t\t<div data-elementor-type=\"wp-page\" data-elementor-id=\"1709\" class=\"elementor elementor-1709\">\n\t\t\t\t\t\t<section class=\"elementor-section elementor-top-section elementor-element elementor-element-09e65b4 elementor-section-boxed elementor-section-height-default elementor-section-height-default\" data-id=\"09e65b4\" data-element_type=\"section\">\n\t\t\t\t\t\t<div class=\"elementor-container elementor-column-gap-default\">\n\t\t\t\t\t<div class=\"elementor-column elementor-col-100 elementor-top-column elementor-element elementor-element-915efdf\" data-id=\"915efdf\" data-element_type=\"column\">\n\t\t\t<div class=\"elementor-widget-wrap elementor-element-populated\">\n\t\t\t\t\t\t<div class=\"elementor-element elementor-element-50b42d9 elementor-widget elementor-widget-spacer\" data-id=\"50b42d9\" data-element_type=\"widget\" data-widget_type=\"spacer.default\">\n\t\t\t\t<div class=\"elementor-widget-container\">\n\t\t\t\t\t<div class=\"elementor-spacer\">\n\t\t\t<div class=\"elementor-spacer-inner\"><\/div>\n\t\t<\/div>\n\t\t\t\t<\/div>\n\t\t\t\t<\/div>\n\t\t\t\t<div class=\"elementor-element elementor-element-63c4d14 elementor-widget elementor-widget-heading\" data-id=\"63c4d14\" data-element_type=\"widget\" data-widget_type=\"heading.default\">\n\t\t\t\t<div class=\"elementor-widget-container\">\n\t\t\t<h2 class=\"elementor-heading-title elementor-size-default\">lE studio<\/h2>\t\t<\/div>\n\t\t\t\t<\/div>\n\t\t\t\t\t<\/div>\n\t\t<\/div>\n\t\t\t\t\t<\/div>\n\t\t<\/section>\n\t\t\t\t<section class=\"elementor-section elementor-top-section elementor-element elementor-element-39c1658 elementor-section-boxed elementor-section-height-default elementor-section-height-default\" data-id=\"39c1658\" data-element_type=\"section\">\n\t\t\t\t\t\t<div class=\"elementor-container elementor-column-gap-default\">\n\t\t\t\t\t<div class=\"elementor-column elementor-col-100 elementor-top-column elementor-element elementor-element-fe36b51\" data-id=\"fe36b51\" data-element_type=\"column\">\n\t\t\t<div class=\"elementor-widget-wrap elementor-element-populated\">\n\t\t\t\t\t\t<div class=\"elementor-element elementor-element-c181380 elementor-widget elementor-widget-heading\" data-id=\"c181380\" data-element_type=\"widget\" data-widget_type=\"heading.default\">\n\t\t\t\t<div class=\"elementor-widget-container\">\n\t\t\t<h2 class=\"elementor-heading-title elementor-size-default\">remerciements<\/h2>\t\t<\/div>\n\t\t\t\t<\/div>\n\t\t\t\t\t<\/div>\n\t\t<\/div>\n\t\t\t\t\t<\/div>\n\t\t<\/section>\n\t\t\t\t<section class=\"elementor-section elementor-top-section elementor-element elementor-element-05dc5b4 elementor-section-boxed elementor-section-height-default elementor-section-height-default\" data-id=\"05dc5b4\" data-element_type=\"section\">\n\t\t\t\t\t\t<div class=\"elementor-container elementor-column-gap-default\">\n\t\t\t\t\t<div class=\"elementor-column elementor-col-100 elementor-top-column elementor-element elementor-element-282cc71\" data-id=\"282cc71\" data-element_type=\"column\">\n\t\t\t<div class=\"elementor-widget-wrap elementor-element-populated\">\n\t\t\t\t\t\t<div class=\"elementor-element elementor-element-8400a41 elementor-widget-divider--view-line elementor-widget elementor-widget-divider\" data-id=\"8400a41\" data-element_type=\"widget\" data-widget_type=\"divider.default\">\n\t\t\t\t<div class=\"elementor-widget-container\">\n\t\t\t\t\t<div class=\"elementor-divider\">\n\t\t\t<span class=\"elementor-divider-separator\">\n\t\t\t\t\t\t<\/span>\n\t\t<\/div>\n\t\t\t\t<\/div>\n\t\t\t\t<\/div>\n\t\t\t\t<div class=\"elementor-element elementor-element-e2ecaf1 elementor-widget elementor-widget-text-editor\" data-id=\"e2ecaf1\" data-element_type=\"widget\" data-widget_type=\"text-editor.default\">\n\t\t\t\t<div class=\"elementor-widget-container\">\n\t\t\t\t\t\t\t<div class=\"xdj266r x11i5rnm xat24cr x1mh8g0r x1vvkbs x126k92a\"><div dir=\"auto\">Il aura fallu 20 ans pour penser ce projet,<\/div><div dir=\"auto\">2 ans pour le mettre en place<\/div><div dir=\"auto\">et 2 mois pour le r\u00e9aliser.<br \/><br \/><\/div><\/div><div class=\"x11i5rnm xat24cr x1mh8g0r x1vvkbs xtlvy1s x126k92a\"><div dir=\"auto\">De longs mois remplis de travail,<\/div><div dir=\"auto\">d\u2019\u00e9motions, de motivation, d\u2019optimisme,<\/div><div dir=\"auto\">de doutes, mais surtout<\/div><div dir=\"auto\"><p>de passion et d\u2019ambition.<br \/><br \/><\/p><\/div><\/div><div class=\"x11i5rnm xat24cr x1mh8g0r x1vvkbs xtlvy1s x126k92a\"><div dir=\"auto\">J\u2019ai mis toute mon \u00e9nergie et tout mon amour<\/div><div dir=\"auto\">dans ce projet qui est pour moi<\/div><div dir=\"auto\">une \u00e9vidence depuis toujours.<\/div><div dir=\"auto\">Cr\u00e9er, danser, enseigner, divertir,<\/div><div dir=\"auto\"><p>mais surtout partager.<br \/><br \/><\/p><\/div><\/div><div class=\"x11i5rnm xat24cr x1mh8g0r x1vvkbs xtlvy1s x126k92a\"><div dir=\"auto\">J\u2019ai voulu cr\u00e9er un espace sain,<\/div><div dir=\"auto\">o\u00f9 la cr\u00e9ativit\u00e9, le travail,<\/div><div dir=\"auto\">l\u2019exigence, la discipline et la motivation<\/div><div dir=\"auto\">se conjuguent avec l\u2019amour propre,<\/div><div dir=\"auto\">la bienveillance, le plaisir<\/div><div dir=\"auto\"><p>et le respect de soi et des autres.<br \/><br \/><\/p><\/div><\/div><div class=\"x11i5rnm xat24cr x1mh8g0r x1vvkbs xtlvy1s x126k92a\"><div dir=\"auto\">Un lieu o\u00f9 chacun pourra devenir<\/div><div dir=\"auto\">la meilleure version de lui-m\u00eame.<br \/><br \/><\/div><\/div><div class=\"x11i5rnm xat24cr x1mh8g0r x1vvkbs xtlvy1s x126k92a\"><div dir=\"auto\">Un espace o\u00f9 chacun<\/div><div dir=\"auto\">peut se sentir en s\u00e9curit\u00e9,<\/div><div dir=\"auto\">soi m\u00eame, unique,<\/div><div dir=\"auto\"><p>d\u00e9nu\u00e9 de tout jugement.<br \/><br \/><\/p><\/div><\/div><div class=\"x11i5rnm xat24cr x1mh8g0r x1vvkbs xtlvy1s x126k92a\"><div dir=\"auto\">Je tiens \u00e0 t\u00e9moigner<\/div><div dir=\"auto\">une profonde reconnaissance envers<\/div><div dir=\"auto\">toutes les personnes incroyables,<\/div><div dir=\"auto\">d\u00e9vou\u00e9es et talentueuses qui m\u2019ont aid\u00e9,<\/div><div dir=\"auto\"><p>conseill\u00e9, \u00e9paul\u00e9, soutenu et accompagn\u00e9.<br \/><br \/><\/p><\/div><\/div><div class=\"x11i5rnm xat24cr x1mh8g0r x1vvkbs xtlvy1s x126k92a\"><div dir=\"auto\">Ceux qui m\u2019ont suivi dans cette aventure.<br \/><br \/><\/div><\/div><div class=\"x11i5rnm xat24cr x1mh8g0r x1vvkbs xtlvy1s x126k92a\"><div dir=\"auto\">Ceux qui ont cru en moi, en ce projet<\/div><div dir=\"auto\">et oeuvr\u00e9 \u00e0 mes c\u00f4t\u00e9s<\/div><div dir=\"auto\"><p>pour rendre tout cela possible.<br \/><br \/><\/p><\/div><\/div><div class=\"x11i5rnm xat24cr x1mh8g0r x1vvkbs xtlvy1s x126k92a\"><div dir=\"auto\">Fier et reconnaissant d\u2019\u00eatre<\/div><div dir=\"auto\">le fondateur de cette \u00e9cole.<\/div><div dir=\"auto\">\u00a0<\/div><div dir=\"auto\">j\u2019esp\u00e8re que vous prendrez<\/div><div dir=\"auto\">autant de plaisir que moi<\/div><div dir=\"auto\"><p>\u00e0 apprendre et danser en ce lieu.<br \/><br \/><\/p><\/div><\/div><div class=\"x11i5rnm xat24cr x1mh8g0r x1vvkbs xtlvy1s x126k92a\"><div dir=\"auto\"><p>Bienvenue au Florian Daud\u00e9 Dance Studio.<br \/><br \/><\/p><\/div><\/div><div class=\"x11i5rnm xat24cr x1mh8g0r x1vvkbs xtlvy1s x126k92a\"><div dir=\"auto\">Florian<\/div><\/div>\t\t\t\t\t\t<\/div>\n\t\t\t\t<\/div>\n\t\t\t\t\t<\/div>\n\t\t<\/div>\n\t\t\t\t\t<\/div>\n\t\t<\/section>\n\t\t\t\t<\/div>\n\t\t","protected":false},"excerpt":{"rendered":"<p>lE studio remerciements Il aura fallu 20 ans pour penser ce projet,2 ans pour le mettre en placeet 2 mois pour le r\u00e9aliser. De longs mois remplis de travail,d\u2019\u00e9motions, de motivation, d\u2019optimisme,de doutes, mais surtout de passion et d\u2019ambition. J\u2019ai mis toute mon \u00e9nergie et tout mon amourdans ce projet qui est pour moiune \u00e9vidence&#8230;<\/p>\n","protected":false},"author":1,"featured_media":0,"parent":0,"menu_order":0,"comment_status":"closed","ping_status":"closed","template":"","meta":{"_kad_post_transparent":"","_kad_post_title":"hide","_kad_post_layout":"fullwidth","_kad_post_sidebar_id":"","_kad_post_content_style":"unboxed","_kad_post_vertical_padding":"hide","_kad_post_feature":"hide","_kad_post_feature_position":"","_kad_post_header":false,"_kad_post_footer":false,"footnotes":""},"class_list":["post-1709","page","type-page","status-publish","hentry"],"_links":{"self":[{"href":"https:\/\/floriandaudedancestudio.com\/index.php\/wp-json\/wp\/v2\/pages\/1709","targetHints":{"allow":["GET"]}}],"collection":[{"href":"https:\/\/floriandaudedancestudio.com\/index.php\/wp-json\/wp\/v2\/pages"}],"about":[{"href":"https:\/\/floriandaudedancestudio.com\/index.php\/wp-json\/wp\/v2\/types\/page"}],"author":[{"embeddable":true,"href":"https:\/\/floriandaudedancestudio.com\/index.php\/wp-json\/wp\/v2\/users\/1"}],"replies":[{"embeddable":true,"href":"https:\/\/floriandaudedancestudio.com\/index.php\/wp-json\/wp\/v2\/comments?post=1709"}],"version-history":[{"count":11,"href":"https:\/\/floriandaudedancestudio.com\/index.php\/wp-json\/wp\/v2\/pages\/1709\/revisions"}],"predecessor-version":[{"id":2718,"href":"https:\/\/floriandaudedancestudio.com\/index.php\/wp-json\/wp\/v2\/pages\/1709\/revisions\/2718"}],"wp:attachment":[{"href":"https:\/\/floriandaudedancestudio.com\/index.php\/wp-json\/wp\/v2\/media?parent=1709"}],"curies":[{"name":"wp","href":"https:\/\/api.w.org\/{rel}","templated":true}]}}