{"id":85,"date":"2021-04-06T18:02:29","date_gmt":"2021-04-06T16:02:29","guid":{"rendered":"https:\/\/floriandaudedancestudio.com\/?page_id=85"},"modified":"2025-08-26T11:13:46","modified_gmt":"2025-08-26T09:13:46","slug":"a-propos","status":"publish","type":"page","link":"https:\/\/floriandaudedancestudio.com\/index.php\/a-propos\/","title":{"rendered":"A PROPOS"},"content":{"rendered":"\t\t<div data-elementor-type=\"wp-page\" data-elementor-id=\"85\" class=\"elementor elementor-85\">\n\t\t\t\t\t\t<section class=\"elementor-section elementor-top-section elementor-element elementor-element-c50bac5 elementor-section-boxed elementor-section-height-default elementor-section-height-default\" data-id=\"c50bac5\" data-element_type=\"section\">\n\t\t\t\t\t\t<div class=\"elementor-container elementor-column-gap-default\">\n\t\t\t\t\t<div class=\"elementor-column elementor-col-100 elementor-top-column elementor-element elementor-element-90ff6e3\" data-id=\"90ff6e3\" data-element_type=\"column\">\n\t\t\t<div class=\"elementor-widget-wrap elementor-element-populated\">\n\t\t\t\t\t\t<div class=\"elementor-element elementor-element-01a450a elementor-widget elementor-widget-spacer\" data-id=\"01a450a\" data-element_type=\"widget\" data-widget_type=\"spacer.default\">\n\t\t\t\t<div class=\"elementor-widget-container\">\n\t\t\t\t\t<div class=\"elementor-spacer\">\n\t\t\t<div class=\"elementor-spacer-inner\"><\/div>\n\t\t<\/div>\n\t\t\t\t<\/div>\n\t\t\t\t<\/div>\n\t\t\t\t<div class=\"elementor-element elementor-element-f8452cd elementor-widget elementor-widget-heading\" data-id=\"f8452cd\" data-element_type=\"widget\" data-widget_type=\"heading.default\">\n\t\t\t\t<div class=\"elementor-widget-container\">\n\t\t\t<h2 class=\"elementor-heading-title elementor-size-default\">a propos<\/h2>\t\t<\/div>\n\t\t\t\t<\/div>\n\t\t\t\t\t<\/div>\n\t\t<\/div>\n\t\t\t\t\t<\/div>\n\t\t<\/section>\n\t\t\t\t<section class=\"elementor-section elementor-top-section elementor-element elementor-element-c884195 elementor-section-stretched elementor-section-boxed elementor-section-height-default elementor-section-height-default\" data-id=\"c884195\" data-element_type=\"section\" data-settings=\"{&quot;stretch_section&quot;:&quot;section-stretched&quot;}\">\n\t\t\t\t\t\t<div class=\"elementor-container elementor-column-gap-default\">\n\t\t\t\t\t<div class=\"elementor-column elementor-col-100 elementor-top-column elementor-element elementor-element-645bbff\" data-id=\"645bbff\" data-element_type=\"column\">\n\t\t\t<div class=\"elementor-widget-wrap\">\n\t\t\t\t\t\t\t<\/div>\n\t\t<\/div>\n\t\t\t\t\t<\/div>\n\t\t<\/section>\n\t\t\t\t<section class=\"elementor-section elementor-top-section elementor-element elementor-element-518d8f4 elementor-section-boxed elementor-section-height-default elementor-section-height-default\" data-id=\"518d8f4\" data-element_type=\"section\">\n\t\t\t\t\t\t<div class=\"elementor-container elementor-column-gap-default\">\n\t\t\t\t\t<div class=\"elementor-column elementor-col-50 elementor-top-column elementor-element elementor-element-c931b01\" data-id=\"c931b01\" data-element_type=\"column\">\n\t\t\t<div class=\"elementor-widget-wrap elementor-element-populated\">\n\t\t\t\t\t\t<div class=\"elementor-element elementor-element-8cf142d elementor-widget elementor-widget-image\" data-id=\"8cf142d\" data-element_type=\"widget\" data-widget_type=\"image.default\">\n\t\t\t\t<div class=\"elementor-widget-container\">\n\t\t\t\t\t\t\t\t\t\t\t\t\t<img fetchpriority=\"high\" decoding=\"async\" width=\"1365\" height=\"2048\" src=\"https:\/\/floriandaudedancestudio.com\/wp-content\/uploads\/2024\/06\/Facetune_16-05-2024-10-01-00-1365x2048.jpg\" class=\"attachment-2048x2048 size-2048x2048 wp-image-2236\" alt=\"\" srcset=\"https:\/\/floriandaudedancestudio.com\/wp-content\/uploads\/2024\/06\/Facetune_16-05-2024-10-01-00-1365x2048.jpg 1365w, https:\/\/floriandaudedancestudio.com\/wp-content\/uploads\/2024\/06\/Facetune_16-05-2024-10-01-00-200x300.jpg 200w, https:\/\/floriandaudedancestudio.com\/wp-content\/uploads\/2024\/06\/Facetune_16-05-2024-10-01-00-683x1024.jpg 683w, https:\/\/floriandaudedancestudio.com\/wp-content\/uploads\/2024\/06\/Facetune_16-05-2024-10-01-00-768x1152.jpg 768w, https:\/\/floriandaudedancestudio.com\/wp-content\/uploads\/2024\/06\/Facetune_16-05-2024-10-01-00-1024x1536.jpg 1024w, https:\/\/floriandaudedancestudio.com\/wp-content\/uploads\/2024\/06\/Facetune_16-05-2024-10-01-00.jpg 1536w\" sizes=\"(max-width: 1365px) 100vw, 1365px\" \/>\t\t\t\t\t\t\t\t\t\t\t\t\t<\/div>\n\t\t\t\t<\/div>\n\t\t\t\t\t<\/div>\n\t\t<\/div>\n\t\t\t\t<div class=\"elementor-column elementor-col-50 elementor-top-column elementor-element elementor-element-34d305c\" data-id=\"34d305c\" data-element_type=\"column\">\n\t\t\t<div class=\"elementor-widget-wrap elementor-element-populated\">\n\t\t\t\t\t\t<div class=\"elementor-element elementor-element-8f86984 elementor-widget elementor-widget-text-editor\" data-id=\"8f86984\" data-element_type=\"widget\" data-widget_type=\"text-editor.default\">\n\t\t\t\t<div class=\"elementor-widget-container\">\n\t\t\t\t\t\t\t<p>N\u00e9 en 1992 \u00e0 Clermont-Ferrand, \u00a0c\u2019est \u00e0 9 ans que Florian<br \/>se tourne vers ce qui s\u2019imposera \u00e0 lui comme une \u00e9vidence, la danse.<\/p><p>A Riom, il d\u00e9butera chez Christine Darnet par des cours<br \/>de Jazz et de Classique puis de Hip-Hop au sein de la Compagnie Nomade.<\/p><p>Ambitieux et curieux de nature, \u00a0il signe ses premi\u00e8res cr\u00e9ations <br \/>\u00e0 l&rsquo;\u00e2ge de 12 ans, dans le cadre de l\u2019UNSS Danse \u00a0au coll\u00e8ge,<br \/>qu&rsquo;il poursuivra jusqu&rsquo;\u00e0 l&rsquo;obtention de son BAC.<\/p><p>Berc\u00e9 par une culture Pop\/Rnb, \u00a0il se d\u00e9couvre un fort potentiel<br \/>pour le Street, discipline \u00e0 laquelle il se formera<br \/>en autodidacte \u00a0pendant des ann\u00e9es.<\/p><p>En 2009, \u00e0 l&rsquo;\u00e2ge de 18 ans, \u00a0il enseigne en tant qu&rsquo;intervenant au sein de diff\u00e9rentes \u00e9coles et associations dans la r\u00e9gion Auvergne-Rh\u00f4ne-Alpes.<\/p><p>Il y enseigne le modern, et initie la r\u00e9gion au street, discipline<br \/>qu&rsquo;il sera le premier \u00e0 enseigner pendant de nombreuses ann\u00e9es.<\/p><p>Remportant en parall\u00e8le de nombreuses comp\u00e9titions de danse<br \/>avec sa partenaire de l&rsquo;\u00e9poque en obtenant le premier prix<br \/>r\u00e9gional, national, europ\u00e9en puis international, <br \/>Florian se r\u00e9v\u00e8le comme une force sc\u00e9nique et p\u00e9dagogique.<\/p>\t\t\t\t\t\t<\/div>\n\t\t\t\t<\/div>\n\t\t\t\t\t<\/div>\n\t\t<\/div>\n\t\t\t\t\t<\/div>\n\t\t<\/section>\n\t\t\t\t<section class=\"elementor-section elementor-top-section elementor-element elementor-element-cc02f14 elementor-section-boxed elementor-section-height-default elementor-section-height-default\" data-id=\"cc02f14\" data-element_type=\"section\">\n\t\t\t\t\t\t<div class=\"elementor-container elementor-column-gap-default\">\n\t\t\t\t\t<div class=\"elementor-column elementor-col-50 elementor-top-column elementor-element elementor-element-138e8cb\" data-id=\"138e8cb\" data-element_type=\"column\">\n\t\t\t<div class=\"elementor-widget-wrap elementor-element-populated\">\n\t\t\t\t\t\t<div class=\"elementor-element elementor-element-edcf2be elementor-widget elementor-widget-image\" data-id=\"edcf2be\" data-element_type=\"widget\" data-widget_type=\"image.default\">\n\t\t\t\t<div class=\"elementor-widget-container\">\n\t\t\t\t\t\t\t\t\t\t\t\t\t<img decoding=\"async\" width=\"576\" height=\"1024\" src=\"https:\/\/floriandaudedancestudio.com\/wp-content\/uploads\/2024\/06\/Facetune_16-05-2024-10-02-16-576x1024.jpg\" class=\"attachment-large size-large wp-image-2237\" alt=\"\" srcset=\"https:\/\/floriandaudedancestudio.com\/wp-content\/uploads\/2024\/06\/Facetune_16-05-2024-10-02-16-576x1024.jpg 576w, https:\/\/floriandaudedancestudio.com\/wp-content\/uploads\/2024\/06\/Facetune_16-05-2024-10-02-16-169x300.jpg 169w, https:\/\/floriandaudedancestudio.com\/wp-content\/uploads\/2024\/06\/Facetune_16-05-2024-10-02-16-768x1366.jpg 768w, https:\/\/floriandaudedancestudio.com\/wp-content\/uploads\/2024\/06\/Facetune_16-05-2024-10-02-16-864x1536.jpg 864w, https:\/\/floriandaudedancestudio.com\/wp-content\/uploads\/2024\/06\/Facetune_16-05-2024-10-02-16-1151x2048.jpg 1151w, https:\/\/floriandaudedancestudio.com\/wp-content\/uploads\/2024\/06\/Facetune_16-05-2024-10-02-16-scaled.jpg 1439w\" sizes=\"(max-width: 576px) 100vw, 576px\" \/>\t\t\t\t\t\t\t\t\t\t\t\t\t<\/div>\n\t\t\t\t<\/div>\n\t\t\t\t\t<\/div>\n\t\t<\/div>\n\t\t\t\t<div class=\"elementor-column elementor-col-50 elementor-top-column elementor-element elementor-element-cc46a09\" data-id=\"cc46a09\" data-element_type=\"column\">\n\t\t\t<div class=\"elementor-widget-wrap elementor-element-populated\">\n\t\t\t\t\t\t<div class=\"elementor-element elementor-element-ff10c91 elementor-widget elementor-widget-text-editor\" data-id=\"ff10c91\" data-element_type=\"widget\" data-widget_type=\"text-editor.default\">\n\t\t\t\t<div class=\"elementor-widget-container\">\n\t\t\t\t\t\t\t<p>Obtenant son E.A.T en candidat libre en 2011, <br>c\u2019est avec acharnement qu\u2019il obtiendra en 2013 <br>son Dipl\u00f4me d\u2019Etat Jazz, \u00e0 l\u2019Espace Pl\u00e9iade de Vichy.<\/p>\n<p>En 2016, il cr\u00e9e en collaboration avec Cl\u00e9ment Robalo,<br>la Black Storm Company. Compagnie de danse semi<br>professionnelle qui se produira dans de nombreux<br>\u00e9v\u00e8nements \u00e0 travers la r\u00e9gion.<\/p>\n<p>Florian enchaine les cours, les stages, <br>les sc\u00e8nes et les projets artistiques.<\/p>\n<p>Sa bienveillance, sa rigueur, sa d\u00e9termination<br>et son professionnalisme lui ont valus d&rsquo;\u00eatre<br>suivi par pas moins de 400 \u00e9l\u00e8ves.<\/p>\n<p>Apr\u00e9s 22 ans de danse, 13 ans d&rsquo;enseignement, <br>et une ouverture repouss\u00e9e d\u00fbe \u00e0 la crise sanitaire,<\/p>\n<p>C&rsquo;est finalement en septembre 2022 que Florian <br>ouvre enfin ses portes \u00e0 une nouvelle aventure, <br>et un projet de longue date, sa propre \u00e9cole de danse.<\/p>\n<p>ses spectacles, puissants et organiques sont une<br>passerelle reliant la cr\u00e9ation contemporaine et le show.<\/p>\n<p>son premier projet intitul\u00e9 \u00ab\u00a0THE REBIRTH project\u00a0\u00bb, une trilogie de trois spectacles \u00ab\u00a0The Pink House\u00a0\u00bb,&nbsp;&nbsp;\u00ab\u00a0The Golden night\u00a0\u00bb et \u00ab\u00a0the dark woods\u00a0\u00bb \u00e0&nbsp;prouv\u00e9 son talent et son ambition pour les ann\u00e9es \u00e0 venir.<\/p>\t\t\t\t\t\t<\/div>\n\t\t\t\t<\/div>\n\t\t\t\t\t<\/div>\n\t\t<\/div>\n\t\t\t\t\t<\/div>\n\t\t<\/section>\n\t\t\t\t<\/div>\n\t\t","protected":false},"excerpt":{"rendered":"<p>a propos N\u00e9 en 1992 \u00e0 Clermont-Ferrand, \u00a0c\u2019est \u00e0 9 ans que Florianse tourne vers ce qui s\u2019imposera \u00e0 lui comme une \u00e9vidence, la danse. A Riom, il d\u00e9butera chez Christine Darnet par des coursde Jazz et de Classique puis de Hip-Hop au sein de la Compagnie Nomade. Ambitieux et curieux de nature, \u00a0il signe&#8230;<\/p>\n","protected":false},"author":1,"featured_media":0,"parent":0,"menu_order":0,"comment_status":"closed","ping_status":"closed","template":"","meta":{"_kad_post_transparent":"","_kad_post_title":"hide","_kad_post_layout":"fullwidth","_kad_post_sidebar_id":"","_kad_post_content_style":"unboxed","_kad_post_vertical_padding":"hide","_kad_post_feature":"hide","_kad_post_feature_position":"","_kad_post_header":false,"_kad_post_footer":false,"footnotes":""},"class_list":["post-85","page","type-page","status-publish","hentry"],"_links":{"self":[{"href":"https:\/\/floriandaudedancestudio.com\/index.php\/wp-json\/wp\/v2\/pages\/85","targetHints":{"allow":["GET"]}}],"collection":[{"href":"https:\/\/floriandaudedancestudio.com\/index.php\/wp-json\/wp\/v2\/pages"}],"about":[{"href":"https:\/\/floriandaudedancestudio.com\/index.php\/wp-json\/wp\/v2\/types\/page"}],"author":[{"embeddable":true,"href":"https:\/\/floriandaudedancestudio.com\/index.php\/wp-json\/wp\/v2\/users\/1"}],"replies":[{"embeddable":true,"href":"https:\/\/floriandaudedancestudio.com\/index.php\/wp-json\/wp\/v2\/comments?post=85"}],"version-history":[{"count":137,"href":"https:\/\/floriandaudedancestudio.com\/index.php\/wp-json\/wp\/v2\/pages\/85\/revisions"}],"predecessor-version":[{"id":2721,"href":"https:\/\/floriandaudedancestudio.com\/index.php\/wp-json\/wp\/v2\/pages\/85\/revisions\/2721"}],"wp:attachment":[{"href":"https:\/\/floriandaudedancestudio.com\/index.php\/wp-json\/wp\/v2\/media?parent=85"}],"curies":[{"name":"wp","href":"https:\/\/api.w.org\/{rel}","templated":true}]}}

<div data-elementor-type="wp-page" data-elementor-id="85" class="elementor elementor-85">
						<section class="elementor-section elementor-top-section elementor-element elementor-element-c50bac5 elementor-section-boxed elementor-section-height-default elementor-section-height-default" data-id="c50bac5" data-element_type="section">
						<div class="elementor-container elementor-column-gap-default">
					<div class="elementor-column elementor-col-100 elementor-top-column elementor-element elementor-element-90ff6e3" data-id="90ff6e3" data-element_type="column">
			<div class="elementor-widget-wrap elementor-element-populated">
						<div class="elementor-element elementor-element-01a450a elementor-widget elementor-widget-spacer" data-id="01a450a" data-element_type="widget" data-widget_type="spacer.default">
				<div class="elementor-widget-container">
					<div class="elementor-spacer">
			<div class="elementor-spacer-inner"></div>
		</div>
				</div>
				</div>
				<div class="elementor-element elementor-element-f8452cd elementor-widget elementor-widget-heading" data-id="f8452cd" data-element_type="widget" data-widget_type="heading.default">
				<div class="elementor-widget-container">
			<h2 class="elementor-heading-title elementor-size-default">a propos</h2>		</div>
				</div>
					</div>
		</div>
					</div>
		</section>
				<section class="elementor-section elementor-top-section elementor-element elementor-element-c884195 elementor-section-stretched elementor-section-boxed elementor-section-height-default elementor-section-height-default" data-id="c884195" data-element_type="section" data-settings="{&quot;stretch_section&quot;:&quot;section-stretched&quot;}">
						<div class="elementor-container elementor-column-gap-default">
					<div class="elementor-column elementor-col-100 elementor-top-column elementor-element elementor-element-645bbff" data-id="645bbff" data-element_type="column">
			<div class="elementor-widget-wrap">
							</div>
		</div>
					</div>
		</section>
				<section class="elementor-section elementor-top-section elementor-element elementor-element-518d8f4 elementor-section-boxed elementor-section-height-default elementor-section-height-default" data-id="518d8f4" data-element_type="section">
						<div class="elementor-container elementor-column-gap-default">
					<div class="elementor-column elementor-col-50 elementor-top-column elementor-element elementor-element-c931b01" data-id="c931b01" data-element_type="column">
			<div class="elementor-widget-wrap elementor-element-populated">
						<div class="elementor-element elementor-element-8cf142d elementor-widget elementor-widget-image" data-id="8cf142d" data-element_type="widget" data-widget_type="image.default">
				<div class="elementor-widget-container">
													<img fetchpriority="high" decoding="async" width="1365" height="2048" src="https://floriandaudedancestudio.com/wp-content/uploads/2024/06/Facetune_16-05-2024-10-01-00-1365x2048.jpg" class="attachment-2048x2048 size-2048x2048 wp-image-2236" alt="" srcset="https://floriandaudedancestudio.com/wp-content/uploads/2024/06/Facetune_16-05-2024-10-01-00-1365x2048.jpg 1365w, https://floriandaudedancestudio.com/wp-content/uploads/2024/06/Facetune_16-05-2024-10-01-00-200x300.jpg 200w, https://floriandaudedancestudio.com/wp-content/uploads/2024/06/Facetune_16-05-2024-10-01-00-683x1024.jpg 683w, https://floriandaudedancestudio.com/wp-content/uploads/2024/06/Facetune_16-05-2024-10-01-00-768x1152.jpg 768w, https://floriandaudedancestudio.com/wp-content/uploads/2024/06/Facetune_16-05-2024-10-01-00-1024x1536.jpg 1024w, https://floriandaudedancestudio.com/wp-content/uploads/2024/06/Facetune_16-05-2024-10-01-00.jpg 1536w" sizes="(max-width: 1365px) 100vw, 1365px" />													</div>
				</div>
					</div>
		</div>
				<div class="elementor-column elementor-col-50 elementor-top-column elementor-element elementor-element-34d305c" data-id="34d305c" data-element_type="column">
			<div class="elementor-widget-wrap elementor-element-populated">
						<div class="elementor-element elementor-element-8f86984 elementor-widget elementor-widget-text-editor" data-id="8f86984" data-element_type="widget" data-widget_type="text-editor.default">
				<div class="elementor-widget-container">
							<p>Né en 1992 à Clermont-Ferrand,  c’est à 9 ans que Florian<br />se tourne vers ce qui s’imposera à lui comme une évidence, la danse.</p><p>A Riom, il débutera chez Christine Darnet par des cours<br />de Jazz et de Classique puis de Hip-Hop au sein de la Compagnie Nomade.</p><p>Ambitieux et curieux de nature,  il signe ses premières créations <br />à l&rsquo;âge de 12 ans, dans le cadre de l’UNSS Danse  au collège,<br />qu&rsquo;il poursuivra jusqu&rsquo;à l&rsquo;obtention de son BAC.</p><p>Bercé par une culture Pop/Rnb,  il se découvre un fort potentiel<br />pour le Street, discipline à laquelle il se formera<br />en autodidacte  pendant des années.</p><p>En 2009, à l&rsquo;âge de 18 ans,  il enseigne en tant qu&rsquo;intervenant au sein de différentes écoles et associations dans la région Auvergne-Rhône-Alpes.</p><p>Il y enseigne le modern, et initie la région au street, discipline<br />qu&rsquo;il sera le premier à enseigner pendant de nombreuses années.</p><p>Remportant en parallèle de nombreuses compétitions de danse<br />avec sa partenaire de l&rsquo;époque en obtenant le premier prix<br />régional, national, européen puis international, <br />Florian se révèle comme une force scénique et pédagogique.</p>						</div>
				</div>
					</div>
		</div>
					</div>
		</section>
				<section class="elementor-section elementor-top-section elementor-element elementor-element-cc02f14 elementor-section-boxed elementor-section-height-default elementor-section-height-default" data-id="cc02f14" data-element_type="section">
						<div class="elementor-container elementor-column-gap-default">
					<div class="elementor-column elementor-col-50 elementor-top-column elementor-element elementor-element-138e8cb" data-id="138e8cb" data-element_type="column">
			<div class="elementor-widget-wrap elementor-element-populated">
						<div class="elementor-element elementor-element-edcf2be elementor-widget elementor-widget-image" data-id="edcf2be" data-element_type="widget" data-widget_type="image.default">
				<div class="elementor-widget-container">
													<img decoding="async" width="576" height="1024" src="https://floriandaudedancestudio.com/wp-content/uploads/2024/06/Facetune_16-05-2024-10-02-16-576x1024.jpg" class="attachment-large size-large wp-image-2237" alt="" srcset="https://floriandaudedancestudio.com/wp-content/uploads/2024/06/Facetune_16-05-2024-10-02-16-576x1024.jpg 576w, https://floriandaudedancestudio.com/wp-content/uploads/2024/06/Facetune_16-05-2024-10-02-16-169x300.jpg 169w, https://floriandaudedancestudio.com/wp-content/uploads/2024/06/Facetune_16-05-2024-10-02-16-768x1366.jpg 768w, https://floriandaudedancestudio.com/wp-content/uploads/2024/06/Facetune_16-05-2024-10-02-16-864x1536.jpg 864w, https://floriandaudedancestudio.com/wp-content/uploads/2024/06/Facetune_16-05-2024-10-02-16-1151x2048.jpg 1151w, https://floriandaudedancestudio.com/wp-content/uploads/2024/06/Facetune_16-05-2024-10-02-16-scaled.jpg 1439w" sizes="(max-width: 576px) 100vw, 576px" />													</div>
				</div>
					</div>
		</div>
				<div class="elementor-column elementor-col-50 elementor-top-column elementor-element elementor-element-cc46a09" data-id="cc46a09" data-element_type="column">
			<div class="elementor-widget-wrap elementor-element-populated">
						<div class="elementor-element elementor-element-ff10c91 elementor-widget elementor-widget-text-editor" data-id="ff10c91" data-element_type="widget" data-widget_type="text-editor.default">
				<div class="elementor-widget-container">
							<p>Obtenant son E.A.T en candidat libre en 2011, <br>c’est avec acharnement qu’il obtiendra en 2013 <br>son Diplôme d’Etat Jazz, à l’Espace Pléiade de Vichy.</p>
<p>En 2016, il crée en collaboration avec Clément Robalo,<br>la Black Storm Company. Compagnie de danse semi<br>professionnelle qui se produira dans de nombreux<br>évènements à travers la région.</p>
<p>Florian enchaine les cours, les stages, <br>les scènes et les projets artistiques.</p>
<p>Sa bienveillance, sa rigueur, sa détermination<br>et son professionnalisme lui ont valus d&rsquo;être<br>suivi par pas moins de 400 élèves.</p>
<p>Aprés 22 ans de danse, 13 ans d&rsquo;enseignement, <br>et une ouverture repoussée dûe à la crise sanitaire,</p>
<p>C&rsquo;est finalement en septembre 2022 que Florian <br>ouvre enfin ses portes à une nouvelle aventure, <br>et un projet de longue date, sa propre école de danse.</p>
<p>ses spectacles, puissants et organiques sont une<br>passerelle reliant la création contemporaine et le show.</p>
<p>son premier projet intitulé « THE REBIRTH project », une trilogie de trois spectacles « The Pink House »,&nbsp;&nbsp;« The Golden night » et « the dark woods » à&nbsp;prouvé son talent et son ambition pour les années à venir.</p>						</div>
				</div>
					</div>
		</div>
					</div>
		</section>
				</div>

<p>a propos Né en 1992 à Clermont-Ferrand,  c’est à 9 ans que Florianse tourne vers ce qui s’imposera à lui comme une évidence, la danse. A Riom, il débutera chez Christine Darnet par des coursde Jazz et de Classique puis de Hip-Hop au sein de la Compagnie Nomade. Ambitieux et curieux de nature,  il signe&#8230;</p>
